{"id":11567,"date":"2024-07-23T02:38:59","date_gmt":"2024-07-22T23:38:59","guid":{"rendered":"https:\/\/limarmobilya.com\/?post_type=product&#038;p=11567"},"modified":"2024-07-23T02:45:07","modified_gmt":"2024-07-22T23:45:07","slug":"limar-l-257-4-kapakli-3-cekmeceli-cok-amacli-dolap","status":"publish","type":"product","link":"https:\/\/limarmobilya.com\/?product=limar-l-257-4-kapakli-3-cekmeceli-cok-amacli-dolap","title":{"rendered":"Limar (L-257) 4 Kapakl\u0131 3 \u00c7ekmeceli \u00c7ok Ama\u00e7l\u0131 Dolap"},"content":{"rendered":"","protected":false},"excerpt":{"rendered":"<p>Boy: 90 cm<\/p>\n<p>En: 160 cm<\/p>\n<p>Derinlik: 40 cm<\/p>\n","protected":false},"featured_media":9953,"comment_status":"open","ping_status":"closed","template":"","meta":[],"product_cat":[74],"product_tag":[],"class_list":{"0":"post-11567","1":"product","2":"type-product","3":"status-publish","4":"has-post-thumbnail","6":"product_cat-cok-amacli-dolap","8":"first","9":"instock","10":"sale","11":"taxable","12":"shipping-taxable","13":"purchasable","14":"product-type-simple"},"_links":{"self":[{"href":"https:\/\/limarmobilya.com\/index.php?rest_route=\/wp\/v2\/product\/11567","targetHints":{"allow":["GET"]}}],"collection":[{"href":"https:\/\/limarmobilya.com\/index.php?rest_route=\/wp\/v2\/product"}],"about":[{"href":"https:\/\/limarmobilya.com\/index.php?rest_route=\/wp\/v2\/types\/product"}],"replies":[{"embeddable":true,"href":"https:\/\/limarmobilya.com\/index.php?rest_route=%2Fwp%2Fv2%2Fcomments&post=11567"}],"version-history":[{"count":1,"href":"https:\/\/limarmobilya.com\/index.php?rest_route=\/wp\/v2\/product\/11567\/revisions"}],"predecessor-version":[{"id":11595,"href":"https:\/\/limarmobilya.com\/index.php?rest_route=\/wp\/v2\/product\/11567\/revisions\/11595"}],"wp:featuredmedia":[{"embeddable":true,"href":"https:\/\/limarmobilya.com\/index.php?rest_route=\/wp\/v2\/media\/9953"}],"wp:attachment":[{"href":"https:\/\/limarmobilya.com\/index.php?rest_route=%2Fwp%2Fv2%2Fmedia&parent=11567"}],"wp:term":[{"taxonomy":"product_cat","embeddable":true,"href":"https:\/\/limarmobilya.com\/index.php?rest_route=%2Fwp%2Fv2%2Fproduct_cat&post=11567"},{"taxonomy":"product_tag","embeddable":true,"href":"https:\/\/limarmobilya.com\/index.php?rest_route=%2Fwp%2Fv2%2Fproduct_tag&post=11567"}],"curies":[{"name":"wp","href":"https:\/\/api.w.org\/{rel}","templated":true}]}}